 = -3*b + 7, -3*b + 5*x = -15. Suppose 3*t + 4*c - 5957 = b, -5*c = 3*t - 6573 + 620. Is t prime?
False
Let n be -1 + 6798 - ((-2)/1)/2. Let i = -4527 + n. Is i composite?
True
Let p = 1 - 7. Let i(c) = c**2 + 2*c - 2. Is i(p) prime?
False
Suppose -2*v - 7219 = -d, -5*d + 36059 = -5*v + 4*v. Is d composite?
False
Let m(s) = -11*s**3 + 20*s**2 - 2*s + 45. Let p(h) = 16*h**3 - 30*h**2 + 3*h - 68. Let g(n) = 7*m(n) + 5*p(n). Is g(7) a prime number?
True
Let x(p) = 1919*p + 22. Let k = -26 - -29. Is x(k) a composite number?
False
Suppose 10*k - 810 = 7*k. Suppose -k - 85 = -5*s. Is s a composite number?
False
Let q = -8804 - -20311. Let j = 1254 + q. Is j composite?
True
Suppose 2*r = -r + 2*y + 271, y = 1. Suppose -c + 876 = r. Suppose -c = -3*t - 2*t. Is t a prime number?
True
Is (3*8972/(-18))/((-2)/3) prime?
True
Suppose -8*h + 169 = -111. Let j = h - 35. Let b(q) = q + 701. Is b(j) a composite number?
False
Suppose 4*v + 3*l - 20638 = 0, 0*v + v = -l + 5160. Is v a composite number?
True
Suppose -4*z = -20, -5*s + 34603 = z + 8343. Is s a composite number?
True
Is 8327840/341 + 4/22 prime?
False
Let o = -54 + 36. Let k(j) = j - 318 + 299 - 4*j. Is k(o) a prime number?
False
Let b(x) be the second derivative of -1/20*x**5 - 1/6*x**3 + 3/2*x**2 - 1/6*x**4 + 0 - x. Is b(-5) a composite number?
False
Let b(r) = 431*r**2 - 22*r - 13. Let s be b(-7). Suppose 5*f - 5*c - s = 0, -16993 = -4*f + c - 2*c. Is f a composite number?
True
Let d be (-41 - 1)*(-30)/(-35). Let t = d + 1. Is 7819/t*(-5 + 0) composite?
False
Let q(k) = -k**2 - 8*k - 13. Let j be q(-5). Suppose 4*m - j*x + x + 3 = 0, 0 = 5*m + 4*x + 9. Is (-4 - 189)*(m - 4) a prime number?
False
Let j be (-3 - -2)/(4/(-8)*2). Let p(n) = -1 + 53*n**2 + 1. Is p(j) prime?
True
Let p = -28458 + 52379. Is p a prime number?
False
Suppose 3*a + a + 8727 = 5*y, 5*a = 3*y - 5231. Suppose -5*b + y = 3*d - 1503, 2*b + 3*d - 1309 = 0. Is b composite?
False
Suppose 4 - 22 = -3*w. Suppose -h - 4565 = -w*h. Is h a prime number?
False
Suppose 2723*z = 2732*z - 224487. Is z composite?
False
Let k(z) = -5*z**3 + 6*z**2 + 10*z + 6. Let g be k(-7). Suppose 41*w - 36*w = g. Is w a prime number?
True
Let q(b) = 149 - 149 - 6*b + b**2 - 5*b**3. Let x be q(-6). Is x/6 - (2 - 1) a prime number?
True
Let a(k) = k**2 + k - 33. Let w(m) = -53 + 3*m - 36 + 0*m**2 + 22 + 3*m**2. Let v(n) = -5*a(n) + 2*w(n). Is v(0) a prime number?
True
Let z = 5037 - 3298. Is z composite?
True
Let y = 7054 - -58125. Is y composite?
False
Let a = 497 + -260. Suppose -d + a - 98 = 0. Is d a prime number?
True
Let t(j) = 0 + 2*j + 7 + 3. Let d be t(-6). Is (-23)/((-3 + 5)/d) a prime number?
True
Let r(o) = -o**3 - 14*o**2 + 25*o + 49. Is r(-20) a prime number?
True
Suppose 0 = -3*p + 4*t + 38404 - 3151, 0 = 2*p + 5*t - 23525. Is p composite?
True
Let i be ((-4)/3)/((-6)/261). Let p = i - 27. Is p composite?
False
Is 236/295 - 138661/(-5) a composite number?
False
Let k(l) = -2*l**3 - 53*l**2 - 40*l + 31. Is k(-26) composite?
True
Suppose d - 4*a - 5306 = -2067, 0 = 3*a - 6. Is d a prime number?
False
Let a = 270 - 397. Is (3 - 2)*(4 - a) prime?
True
Let x(j) = -7*j - 7. Let h be x(2). Let i = h + 115. Is i composite?
True
Let a = -7347 + 11054. Is a composite?
True
Is (4/(-4))/1 + (9 - -4989) a prime number?
False
Suppose 5*s - 3*i - 61 = i, 3*s + 4*i - 11 = 0. Let r(u) be the third derivative of -u**6/120 + 3*u**5/20 + 7*u**4/24 - 2*u**3/3 + 3*u**2. Is r(s) composite?
False
Is 3/(3*5/22055) composite?
True
Let g be (2/(4/(-6)) - -1935) + 1. Let b = -1302 + g. Is b a composite number?
False
Let m be (-2301)/(-15) + 12/(-30). Suppose -m - 498 = -3*d. Is d composite?
True
Let w = -189 - -1172. Is w a composite number?
False
Suppose 4*x = 2*o + x - 7, -2*o + 2*x = -6. Is 2/(o + (-420)/215) prime?
True
Is 1*-8166*4/(-24) a prime number?
True
Let n(v) = -5*v**3 + 3*v + 3. Let t be n(-2). Let g(l) = 6*l + 4 - 13*l - 3 - t*l. Is g(-2) a prime number?
True
Suppose 43*y - 28*y = 766725. Is y prime?
False
Let d be 5048 - (4 + -1 - (-8)/(-4)). Suppose -5*i + 2*a + d = 780, 0 = -3*i + 4*a + 2563. Is i composite?
False
Suppose 2*q + 6 + 8 = -4*x, 0 = 3*x + 15. Suppose 3*y - 6*y + q*l = -72, 3*y = -2*l + 47. Is y prime?
True
Let c(k) = 214*k**2 + 11*k - 23. Is c(6) composite?
True
Suppose 4*k - 4167 - 186 = -q, 5*q - 21765 = -4*k. Is q prime?
False
Suppose x = 4*j + 26, 3*x - x + j - 79 = 0. Suppose -5*p + 3*n = -p + 61, -4*p - 2*n = 86. Let a = x + p. Is a a composite number?
False
Is (4 + (-244275)/20)*-4 a composite number?
True
Let v = 196 - 287. Suppose 2*h - 31 = z + 3*h, -4*z - 2*h = 114. Let g = z - v. Is g prime?
False
Suppose a - 2*j + 19 = -3*j, -4*j = -4*a - 52. Suppose 3 + 1 = -2*i, -3*r + 1 = -5*i. Is r/24 - 2322/a prime?
False
Is -3 - 72/(-27) - 242060/(-6) a composite number?
False
Let j(o) = -o**2 - o + 1. Let q(v) = -v**2 + 6*v - 11. Let h(u) = -6*j(u) - q(u). Is h(6) a prime number?
True
Let c(w) = 23*w**3 - w**2 + w. Let f be c(1). Suppose -q + 82 = f. Is q a composite number?
False
Let p(u) = -124*u - 1. Let q(r) = -r + 9. Let f be q(11). Let w be p(f). Suppose 0 = -2*j - 0*j - 3*k + w, 0 = 4*j - 4*k - 464. Is j a composite number?
True
Let c(g) = -88*g. Let j be c(-1). Let y = 143 + -82. Let m = j + y. Is m prime?
True
Let r = 172 + 5451. Is r composite?
False
Suppose 2*d - 196 = 4*d. Suppose 3*r + 918 - 164 = 4*x, 2*x - 4*r - 382 = 0. Let j = d + x. Is j prime?
True
Suppose -8*s - 1566 = -11*s. Suppose -3*k = m - 575, m - s - 65 = k. Suppose -m = -4*o - 3*j, -5 + 158 = o - j. Is o a composite number?
False
Let q = 11 - 1. Let o = q - 3. Is o composite?
False
Is 1905/1 - 6/((-3)/(-1)) a composite number?
True
Let t = 14 + -7. Let d = 9 - t. Suppose -32 = -3*o - d. Is o composite?
True
Let v = 79 - 266. Let a = 2015 + -1521. Let r = a + v. Is r a prime number?
True
Is (-11)/(44/(-51312)) + 1 + 0 a prime number?
True
Let s be (0 + 1 + -1)*21/63. Suppose r - 5*a - 519 = s, 1054 = 3*r - r - 2*a. Is r prime?
False
Let u(k) = 74*k - 12. Let z be u(9). Suppose -z = -2*m + 328. Is m composite?
False
Suppose 5*o - 112197 - 47386 = -4*s, 0 = -o - 3*s + 31910. Is o a composite number?
True
Let p = -1201 - -2660. Is p a prime number?
True
Let y = 10 + -19. Let m be 2/y + (-332)/(-36). Let u = m + 40. Is u prime?
False
Let o(f) = f**2 - 2*f - 1. Let r be o(3). Suppose 0 = -4*x + 2*b - 7 - 3, 5*b = 25. Suppose 2385 = 5*l - x*d + 2*d, 0 = r*d + 10. Is l a prime number?
True
Let i(h) = 22*h**3 - 9*h**2 - 20*h. Let w(d) = -7*d**3 + 3*d**2 + 7*d. Let s(n) = 6*i(n) + 17*w(n). Let v be s(3). Let b = v - 164. Is b composite?
False
Let a(b) = b**3 + 30*b**2 - 32*b - 18. Is a(-17) composite?
False
Suppose 0*x + 4*x - 1517 = n, 0 = -5*x + n + 1895. Let h = 709 - x. Is h a prime number?
True
Let m be (-1 + 1)*1/6*3. Suppose m = 4*u - 118 - 726. Is u composite?
False
Suppose -3*z + z = m + 28, 4*m - 2*z = -142. Let r = 68 + m. Is 4/(8/6) + r prime?
True
Suppose -4*d + 6*d = -28. Is ((-51)/6 + 3)*d prime?
False
Let s be (1 + -6)/(2/6). Let a be 93/62 + 1/2*-1. Is (-213)/s - a/5 prime?
False
Let l(d) = 5*d**2 + 15*d - 79. Is l(12) a prime number?
True
Suppose -s = -3*u + 3448, -u - 3*s + 1141 = -5*s. Is u a composite number?
False
Let y be -2 - (-1 + (-54 - -1)). Suppose 2*z - 47 = -0*m - m, 0 = -5*z + m + 100. Let s = y - z. Is s composite?
False
Let i(s) = 2334*s**2 - 8*s + 7. Is i(1) a prime number?
True
Suppose 2*c - 4*j + 1 = -1, -19 = -3*c - 5*j. Suppose -2035 = 2*u + c*u. Is -2*-2*u/(-4) a prime number?
False
Is (-4)/22 + (904284/99 - -9) a prime number?
False
Let a = -2 + -5. Let d(x) = x**3 + 7*x**2 + 3*x - 2. Let q be d(-6). Let r = q - a. Is r prime?
True
Let j(n) = -n**3 - 14*n**2 - 2*n - 24. Let u be j(-14). Suppose 0 = -4*a - 5*x + 2608, -2*a = -6*a + u*x + 2572. Is a prime?
True
Let i = -5984 + 11877. Is i a composite number?
True
Suppose -45*u = 35*u - 121040. Is u prime?
False
Let p = -36 - -40. Let v(d) = 12*d**3 + 3*d**2 - 5*d + 1. Is v(p) composite?
False
Suppose 0 = 2*c + 5*z - 38086 - 192160, 4*c = 3*z + 460544. Is c prime?
True
Suppose -7*m + 9*m = 0. Suppose m = 2*t + z - 1441, 5*z - 158 = 5*t - 3738. Is t a composite number?
False
Suppose 5*b - 829 = 51536. Is b prime?
False
Let r = -9 + 13. Let z(g) = r*g - 7*g + 16*g. Is z(5) compos